ts digit of i?
7
Let p(n) = -3*n + 21. Let h be p(7). Suppose 2*x + x - 159 = h. What is the tens digit of x?
5
Let d = -173 - -473. What is the tens digit of d?
0
What is the hundreds digit of 190/(-30)*-48 - 2?
3
Let m = -118 + -29. What is the units digit of (-14616)/m - ((-3)/(-7) - 0)?
9
Let t(r) = -28*r - 3. Let n(y) = -7*y - 1. Let x(l) = -18*n(l) + 4*t(l). Let z be x(6). What is the units digit of (8/12)/(4/z)?
5
Let h = 12 + -18. Let z = -43 - -21. Let n = h - z. What is the units digit of n?
6
Let w(g) = -19*g + 13. Let t be w(-7). Let s = t + -54. What is the tens digit of s?
9
What is the tens digit of -3 - (-1)/((-1)/(-892))?
8
Let n(p) = p**2 + 5*p - 6. Let b be n(-6). Suppose w + b*q = -5*q + 22, 3*q = 9. Suppose 3*i - 5*g = -0*i + 25, -w = -i + 3*g. What is the units digit of i?
0
Suppose 0 = -5*l - 1065 + 4240. Suppose -l = 2*u - 7*u. What is the tens digit of u?
2
Let a = -50 - -73. Let x = 20 - a. Let i = 15 + x. What is the tens digit of i?
1
Suppose 6*b - 5 = 5*b. Suppose 2*c - 3*r + 0*r = -28, 0 = -b*c + 3*r - 61. Let z = c - -13. What is the units digit of z?
2
Let q(f) = -10*f**3 + f**2 - f - 7. What is the units digit of q(-3)?
5
Let f(k) = k + 10. Let j be f(-7). Let w be 0 + j + -35 - -3. Let d = -4 - w. What is the units digit of d?
5
Let u(q) = -3*q - 12. Let f be u(-4). Suppose 2*y + 2*x - 74 = f, 31 = y - 0*y + 4*x. What is the units digit of y?
9
Let w be 2/(-1) + 1 - (13 + 7). Let j be 2/5 - 217/5. Let l = w - j. What is the units digit of l?
2
Suppose -13 = -2*d + 4*v - 5, d + 4*v + 2 = 0. Let t be 1*(-3 + (d - -4)). Let x = t + 3. What is the units digit of x?
6
Let h = -563 - -951. What is the tens digit of h?
8
Let d = -7 + 10. Suppose -5*z + z - d*a + 23 = 0, 4*z + 2*a = 18. Suppose m - 33 = -z*m. What is the tens digit of m?
1
Suppose -3*m + 744 = y, -3*y = 4*m - 1034 - 1223. What is the tens digit of y?
5
Let x(a) = 2*a**3 + 2*a**2 - a. Let f be x(1). Suppose -f*c + 0 = -21. Let j = 16 + c. What is the units digit of j?
3
Let q(p) = 39*p - 5. Let z = -36 - -38. What is the tens digit of q(z)?
7
Let u(q) = 17*q**2 - 4*q + 24. What is the hundreds digit of u(5)?
4
Suppose 11 + 48 = 3*q + 4*h, 2*q + 2*h - 36 = 0. What is the units digit of q?
3
Let d(j) be the second derivative of -j**4/12 + j**3/2 + 2*j**2 + 4*j. Let u be d(6). Let k = 11 - u. What is the tens digit of k?
2
Suppose -q = -2*g - 5, -3*q - 5*g + 43 - 6 = 0. Suppose -3*z - q + 555 = 0. What is the tens digit of z?
8
Let d be (-48)/(-72) + 10/3. Let s(z) = 4*z**3 - 3*z**2 - 9*z + 1. What is the hundreds digit of s(d)?
1
Let k = 39 - 39. Suppose 3*c + 0*c = -t + 80, k = 2*t + 3*c - 154. Suppose -3*b + y + 191 = 0, 4*y - t - 170 = -4*b. What is the units digit of b?
3
Let v = 5102 + -3557. What is the units digit of v?
5
Suppose f + 6 = 4*f - 3*a, -2*a = 5*f - 10. Suppose -2*v - 2*l - 57 = 57, 3*l = -2*v - 119. What is the units digit of (-1677)/v - f/8?
2
Let s be (0 - 0)*(-1)/(-2). Suppose -4*p - 48 = -3*y, s*y = -4*y - 3*p + 89. Suppose -38 = -3*k + 5*i, -2*k = -i - i - y. What is the units digit of k?
6
Suppose -z - 7 = 2*g - 0*g, 0 = -5*g - z - 13. Let t be 1*13/g*2. What is the units digit of (-4)/22 + t/(-11)?
1
Suppose -b - 1 = -2*j + 4*j, -4*j - 4*b - 4 = 0. What is the tens digit of (-12)/1*(j - (-34)/(-3))?
3
Let w = -3030 - -5161. What is the hundreds digit of w?
1
Let a(r) = -19*r - 21. Let w = -42 + 36. What is the units digit of a(w)?
3
Suppose 4*p + 20 = -0. What is the tens digit of (-2)/(-10) + (p - 1716/(-20))?
8
Suppose 1134 = 5*j + 2*a - 999, -3*j - 5*a = -1276. What is the hundreds digit of j?
4
Let w(g) = 4 + 0 + g**2 - 6*g - 2 + 1. Let k be w(6). Suppose -3*y = 9, 3*y = -k*o + 2*y + 42. What is the units digit of o?
5
Let m = -5 - 5. What is the tens digit of (13/3)/(m/(-30))?
1
Suppose 0 = -3*f - 3*z + 14 - 2, f = 3*z - 4. Suppose -2*m - t = -179, f*m + 5*t = 7*m - 470. What is the tens digit of m?
9
Suppose 4*y + y - 100 = 0. Suppose 4 = 5*o - 1. Let g = o + y. What is the units digit of g?
1
Let f(a) = a**3 - 5*a**2 - 6*a - 5. Let i be f(5). Let l = -17 - -3. Let j = l - i. What is the tens digit of j?
2
Let u = 14 - 6. Suppose -k - 259 = -u*k. What is the units digit of k?
7
Let p be (52/(-6))/((-2)/6). Let z = -22 + p. What is the units digit of z?
4
Let y(a) be the second derivative of -a**4/12 + 4*a**3/3 + a**2/2 - 10*a. Let u be y(8). Let i = u + 21. What is the tens digit of i?
2
Let a(l) = l**2 - 7*l + 4. Let x be a(6). Let o be ((-15)/12)/(x/(-368)). What is the units digit of o/(-6) - 8/24?
8
Suppose -2*l + 9 = g, -g + 9 = 4*g - 2*l. Let c be (-2)/(g + 1)*0. Suppose 5*r + c*r - 80 = 0. What is the tens digit of r?
1
Let q(g) = 14*g**2 - 24*g + 154. What is the units digit of q(5)?
4
What is the hundreds digit of 34160/220 - 9/33?
1
Let f(y) = 115*y**2 - 4*y + 3. Let n = 118 + -117. What is the tens digit of f(n)?
1
Let k = 2 + 14. Suppose b - k = -b. Let t = b - 4. What is the units digit of t?
4
Suppose 5*o - 4*o + 4 = 0, -t - 2*o = 4. Suppose 2*p - 2 = -2*z + 16, t*z = -p + 6. Suppose -p*j + 84 = -6*j. What is the units digit of j?
1
Let v(c) = -2*c + 24. Let u be v(10). Suppose b = 2, 2*b = -u*k - 0*k + 112. What is the units digit of k?
7
Let d(p) = p**2 + 10*p + 13. Let g be d(-9). What is the units digit of g/(-3)*9/(-2)?
6
Let t be 1 + -4 - 12/3. Let y(o) = -5*o - 15. Let v be y(t). Let c(k) = -k**2 + 23*k - 7. What is the units digit of c(v)?
3
Suppose 60 = 2*m + 14. What is the tens digit of m?
2
Let m(g) be the third derivative of -61*g**4/24 - 2*g**3/3 - 9*g**2. What is the tens digit of m(-2)?
1
Let w be ((-16)/(-5))/((-2)/(-5)). Suppose r = -3*u - 8, 0*r - u = -r + w. Suppose 3*b = -r*b + 490. What is the tens digit of b?
7
Let y be (-1)/(7/(-914)) + 51/119. Let h = -43 + y. What is the units digit of h?
8
Suppose 0 = -2*k - 2*k - 92. Let a(z) = -z**2 + 7*z - 8. Let r be a(6). What is the tens digit of r*(k/2 - -2)?
1
Let i be -2 - 24/(-36)*(-3 + 0). What is the tens digit of ((-6)/i)/(5/(10480/24))?
3
Suppose 20*z = 2*l + 17*z - 3600, -3*l - 5*z = -5400. What is the thousands digit of l?
1
Suppose -4*d + 9199 = s - 3216, -3*s + 6215 = 2*d. What is the thousands digit of d?
3
Let b be -2 - (-5 - 0)*16/10. Suppose 99 - 3 = b*o. What is the tens digit of o?
1
Let g = 6 + 16. Suppose -f + 8 = 5*r, 3*f = 8*f - 5*r + 80. Let b = g + f. What is the tens digit of b?
1
Let a(n) = -5*n**3 + 3*n**2 + 6*n + 2. Let k be a(-5). What is the tens digit of (-2)/11 + k/66?
1
Let v(p) = p**3 + 2*p**2 + 28*p - 78. What is the tens digit of v(11)?
0
Suppose -4*x = -849 - 471. Suppose 7*g - 10*g = -x. What is the units digit of g?
0
Suppose 0 = 5*t + 5*q, -5 + 1 = 2*q. Suppose -t*r + 10 = 3*r. Let l(y) = 2*y**2 - y - 1. What is the units digit of l(r)?
5
Let p = -8741 - -12726. What is the units digit of p?
5
Let m(i) = i**3 - 14*i**2 + 3*i - 10. Let z be m(14). Let x = z + -23. What is the units digit of x?
9
Let x be 67/((-3)/(-4)*2/6). Suppose 2*k - x = -k + 4*g, 4*k = -g + 351. What is the tens digit of k?
8
Let z be -5*(7/5 - 1). What is the tens digit of (48/z)/((-18)/60)?
8
Suppose -2569 = -11*r + 3943. What is the units digit of r?
2
Let n be 36/(-162) + (2 - 22088/(-9)). Suppose 0 = -9*c + 17*c - n. What is the tens digit of c?
0
Suppose 3*h - 178 - 83 = 0. What is the tens digit of h?
8
Suppose -d - 3*d + 5*s = -341, 2*d - 4*s - 166 = 0. Suppose -119 = -3*n + n + 5*p, -2*n - 5*p + d = 0. Let h = n - 19. What is the units digit of h?
3
Suppose -5*b - 375 = -4*d, 0*d + 5*b = -3*d + 290. Let j = d + -57. Let s = j + -23. What is the tens digit of s?
1
Let z = 49 + -49. Suppose 0 = -4*k - 20, z*f = -f + 4*k + 273. What is the units digit of f?
3
Suppose 2*z = -3*f + 147, 0*f - 196 = -4*f - 5*z. Suppose b = -0*b. Suppose 3*k + 9 = t, 4*t + k + b = f. What is the tens digit of t?
1
Let q(d) = 3*d**3 + 2*d - 1. Let f be q(1). Suppose 2*u - f = r - 1, -r - 7 = 2*u. Let b = u - -11. What is the tens digit of b?
1
Suppose -3*j - 3 = -4*j. Suppose 2*m - 19 = j. What is the units digit of m?
1
Let f(r) = -29*r - 11. Let h(n) = n**2 + 8*n - 9. Let v be h(-8). Let o be f(v). Suppose 0 = 7*a - 2*a + 3*s - o, -3*s = 2*a - 109. What is the tens digit of a?
4
Let t(y) = 3 + y**3 - y - 4*y + 6*y + y**2. Suppose 0 = -d + 6*